Suppose 11*s + 25*s - 1692 = 0. Suppose -194 = -2*b - 2*t, -5*b - 4*t + 48 = -434. Suppose -3*g + b = -g - q, -g = q - s. What are the prime factors of g?
47
Suppose -775137 + 2345669 = 129*d - 1143241. What are the prime factors of d?
109, 193
Suppose 0*q + 2240 = 5*q. Suppose 13*i - q = 11*i. Let n = i + -102. What are the prime factors of n?
2, 61
Suppose 1663024 = -3836*l + 3880*l. List the prime factors of l.
2, 11, 859
Suppose 2*s = -5*y + 10797, -4*s = -5*y + 2*y - 21659. List the prime factors of s.
7, 773
List the prime factors of (-8)/176*-11*44606.
22303
Let h = 10743 - 4755. List the prime factors of h.
2, 3, 499
Suppose 0*g - g - 9 = -2*m, 14 = 3*m - g. Suppose 0 = 5*r - v - 1, 3*v = -5*r - 0*v - 3. Suppose -m*j + 10*j - 230 = r. What are the prime factors of j?
2, 23
Let k be (36/20)/(33/(-1210)). List the prime factors of (-1269)/2*k/99.
3, 47
Let t(x) = -x**2 + 4*x + 7. Let p be t(-1). Suppose 16 - 76 = -p*h. What are the prime factors of h?
2, 3, 5
Let l = 27695 + -13538. What are the prime factors of l?
3, 11, 13
Let m = 3807 + 1224. List the prime factors of m.
3, 13, 43
Suppose -2018509 = -19*g - 38*g - 10*g. List the prime factors of g.
47, 641
Let w = 5884 - 4115. What are the prime factors of w?
29, 61
Suppose a = -1, -j - a = -3*j + 53. Suppose 0*h = -j*h + 23920. List the prime factors of h.
2, 5, 23
Let y = 590 - 610. List the prime factors of (-5)/(y/4824) + 4.
2, 5, 11
Suppose 0 = 6*r + 93 + 513. Let c = 227 + r. Let n = c - 24. What are the prime factors of n?
2, 3, 17
Suppose -2*t = 3*g + 58, -99 = 5*g + 2*t - t. Let l = -24 - g. List the prime factors of 3/l - 6192/(-64).
2, 3
What are the prime factors of (-3*(-54642)/56)/(3/16)?
2, 3, 1301
Let i = 212 - 207. List the prime factors of 300/(-90)*(-1122)/i.
2, 11, 17
Suppose 14*d = 6*d + 24. List the prime factors of 1 + 81 + 3/d.
83
Let p = -5086 + 7161. What are the prime factors of p?
5, 83
Let w be 9/(-3)*1 - -2*218. Let r = w - 284. List the prime factors of r.
149
Let s be (-1 - -2 - -1) + -62. Let l be (-10)/20*(-1 + 17). What are the prime factors of s*(-1)/((-12)/l)?
2, 5
Let r be 18/(((-4)/180)/(-1)). Suppose -6*t + r = -1170. Suppose 5*l = -15, 0*q + 3*q - 4*l = t. What are the prime factors of q?
2, 53
Let j be (-25)/3 + (-56)/(-42). Let m(h) = -19*h - 16. Let a be m(j). Suppose 3*f = -5*v + a + 14, 4*v - 127 = 5*f. List the prime factors of v.
2, 7
Suppose -83*n - 45 = -92*n. Suppose n*z + 22*v - 25*v = 2145, 20 = 4*v. What are the prime factors of z?
2, 3
Suppose 1803 = 6*h - 1635. Suppose -h = -2*f - c + 4*c, 0 = -3*c - 3. List the prime factors of f.
3, 5, 19
Suppose 3*u - 48964 = 15*z - 16*z, -48954 = -z - 5*u. List the prime factors of z.
7, 6997
Suppose 9 = 3*f + 2*d - 13, -4*d - 10 = -3*f. Suppose t + 3*n + f = 0, -2*n = -n + 3. What are the prime factors of (4 - 5)/(-1*t/441)?
3, 7
Let r be -3 - 0 - (-19 + 66/6). Let m = 119 + -59. Suppose -r*h + 9*h = m. List the prime factors of h.
3, 5
Let q be 2/(-4 + 8) + (-19)/(-2). Suppose q*x + 17*x - 28566 = 0. List the prime factors of x.
2, 23
List the prime factors of 5544/2520 - (-158958)/10.
2, 7949
Suppose 4*b - 4*p - 71945 = 5331, 0 = b - 5*p - 19311. List the prime factors of b.
139
Let k(h) = -38*h**2 - 13*h - h**3 + 2 - 2*h + 24*h**2 - 9*h. Let o be k(-12). What are the prime factors of 91 + (2 - 0) + o?
5, 19
Suppose 0 = 4*f - 8 - 4. Suppose -j - j = 6, -f*r + 2*j = -186. Let b = r + -43. What are the prime factors of b?
17
Let w(u) = -7788*u + 23. Let b be w(-3). Suppose -26*s + b = -13*s. List the prime factors of s.
7, 257
Let h(f) = 310*f**2 + 5*f - 3. Let r be h(1). Let u = r + -91. List the prime factors of u.
13, 17
Let m be (-8)/6*9/2. Let g(c) = -11*c - c**3 - 2*c**2 + 2*c - 4*c**2 - 15 + 11*c**2 - 11*c**2. What are the prime factors of g(m)?
3, 13
Suppose -16220 = n - 5*n - 4*w, 0 = -3*w + 6. Suppose 4*r - n = g, -4*r - 3*g + 2915 + 1118 = 0. What are the prime factors of r?
2, 11, 23
Let o(g) = g**3 + 38*g**2 + 29*g - 36. Let d be o(-27). Suppose -27*w = -11*w - d. What are the prime factors of w?
2, 3, 5
Let f = -356 - -606. Suppose -254*a = -f*a + 1572. Let n = a + 638. What are the prime factors of n?
5, 7
Suppose z - 1 = 2. Let h(t) = 18*t**2 + 5*t - 5. Let c be h(1). Suppose 180 = 3*u + 3*g, z*u - 3*g - 162 = c. List the prime factors of u.
2, 3, 5
Let d(i) = i**3 - i**2 - 4*i + 4. Let l be d(0). Let c(v) = -l + 48*v + v**2 - 25*v - 26*v. What are the prime factors of c(-10)?
2, 3, 7
Let s(p) = 3*p**2 + 19*p - 67. Let x = 595 + -583. What are the prime factors of s(x)?
593
What are the prime factors of (5 + 6 + -13)/((-1)/4649) - 6?
2, 23, 101
Let q = 77 - -2. Let j = q - 76. Suppose -4*x - 79 = -6*x - a, 0 = j*x + 4*a - 116. List the prime factors of x.
2, 5
Let q = -38 - -41. Suppose q*a - 7380 = -6*a. What are the prime factors of a?
2, 5, 41
Let w be -70 - 7*(-6)/(-21). Let f = w - -89. List the prime factors of f.
17
Suppose -18*k + 16087 = 3145. Suppose a - 287 = -0*r - 2*r, -5*r - 3*a + k = 0. What are the prime factors of r?
2, 71
Let u(k) = 2*k + 2 - 3*k + 98. What are the prime factors of u(0)?
2, 5
Suppose 11*p + 31*p = 207186. List the prime factors of p.
4933
Let g = 623 + -630. What are the prime factors of (10/g)/5 + (-33645)/(-35)?
31
Suppose -4*m + 2705 + 667 = 4*b, 1698 = 2*m + 5*b. What are the prime factors of m?
839
Let y = -40 - -42. Suppose -y*x = 3*x + 3*z - 72, 0 = 3*x - 3*z - 24. What are the prime factors of (90/x)/((-6)/(-64))?
2, 5
Let w = -24 - -29. Suppose 3*v + 242 = -w*t, 5*v + 4*t = 2*v - 244. Let j = v + 161. What are the prime factors of j?
7, 11
Suppose -2*y = 3*w - 5317, 3*y - w + 1401 = 9393. What are the prime factors of y?
2663
Let z(w) = 241*w + 1042. What are the prime factors of z(29)?
3, 2677
Let s(x) = 1376*x - 50. Let q be s(5). What are the prime factors of -8 - q/(-15) - (-1)/(-3)?
3, 149
Let f(h) = h**2 - 13*h + 28. Let a = -33 + 45. Suppose -k = 3*l - a, -2*l - 12 = -k - 0. List the prime factors of f(k).
2
Let b be (2/(-4))/((-5)/10)*11. Suppose -3*v = -3*f + 3315, b*v = 8*v + 9. What are the prime factors of f?
2, 277
Let l = 6744 - 3615. List the prime factors of l.
3, 7, 149
Let m = -3 + 5. Let s be -1*(-8 + -36)/11. Suppose m*f + s*u = 46, 5*f - 56 = u + 92. List the prime factors of f.
29
Let u(i) = -i**3 + i**2 + 6*i - 2. Let c be u(3). Let r(p) = -7*p + 3. Let y be r(c). Let z = y + 12. List the prime factors of z.
29
What are the prime factors of 20357*48/(-18)*45/(-120)?
20357
Let l(x) = -x**2 - 2*x + 19. Let r be l(-8). Let b = r - -33. Suppose -2*n - c + 12 = -20, -n + b*c = -34. What are the prime factors of n?
2, 3
What are the prime factors of (4 - 8)*((-1210 - 10) + 7)?
2, 1213
Let u be 20/11 - (-6)/33 - 697. Let v = -150 - u. What are the prime factors of v?
5, 109
Let f(r) = 20*r**2 + 1330*r + 23. What are the prime factors of f(-88)?
3, 7, 601
Suppose -22204 = 740*b - 744*b. What are the prime factors of b?
7, 13, 61
Suppose -4*s + 19801 = -8864 - 66127. What are the prime factors of s?
2, 17, 41
Let g = -7313 - -17659. List the prime factors of g.
2, 7, 739
Suppose -2 = 3*h + 2*h + w, 2*h = 5*w - 17. Let g be (h/(-2))/(1/(-4)). What are the prime factors of -44 + 263 - 3/2*g?
2, 3, 37
Suppose 6*x + 7*x = 6*x + 93527. What are the prime factors of x?
31, 431
Let u(n) = 4*n**2 - 279*n + 918. List the prime factors of u(82).
2, 617
Let u(k) = -k**2 + 44*k - 41. Let b be (-12)/21 + 5940/154. What are the prime factors of u(b)?
11, 17
Suppose 0 = 5877*k - 5889*k + 94284. List the prime factors of k.
3, 97
What are the prime factors of 125/(-50)*124036/(-10)?
11, 2819
Let a be (6/6 - -3) + 398/(-2). List the prime factors of (-30)/a - 24759/(-39).
5, 127
Let b be -42 + 5/((-10)/(-8)). Let y be (-1 - (-8)/(-4))*b. Let l = -50 + y. List the prime factors of l.
2
Suppose 2*y - 622 = -3*l, 4*y + 11*l - 6*l - 1248 = 0. Let b = -194 + y. List the prime factors of b.
3, 41
Suppose -17*x + 241131 + 75511 = 0. Suppose 14*t - 3256 = x. List the prime factors of t.
3, 521
Suppose -3*u = -6*u - 162. Let h = u - -63. Suppose 32 = -7*l + h*l. What are the prime factors of l?
2
Let i = -12 - -23. Let n = 100 - 83. Suppose 294 = -i*u + n*u. List the prime factors of u.
7
Suppose -5*g = d + 20, -4*d + 9*d + 2*g + 8 = 0. Su